mon divisor of w and n?
18
Let l be (-107)/(-7 + 4 + 2) - -1. Calculate the highest common divisor of l and 486.
54
Let j(n) = -18*n - 4. Let q be j(-4). Suppose 2*v = q + 12. Calculate the greatest common factor of 60 and v.
20
Suppose 3*f + f = -4*l + 20, 0 = -5*f + 2*l + 25. Suppose -3*i = i - f*b - 54, -3*i = -b - 46. Calculate the greatest common divisor of i and 16.
16
Let s(k) = -7*k - 3. Let n be s(-6). Let g = 61 + -48. What is the greatest common divisor of g and n?
13
Let p(i) = 10*i + 515. Let o be p(29). What is the highest common factor of 70 and o?
35
Let c be 441/14 + 5 - 2/4. Let w be 168/36*6/7 + c. Calculate the greatest common divisor of w and 16.
8
Suppose 0 = -5*g - 272 - 193. Let r = g - -111. What is the greatest common factor of 2 and r?
2
Suppose 34*v - 36*v = -8. Calculate the greatest common divisor of v and 8.
4
Let o(m) = 160*m**3 + 2*m - 2. Let n be o(1). Suppose -14*c + n = -12*c. What is the greatest common divisor of c and 16?
16
Let m be 4 + (6 - (0 + 2)). Let w = -2 - 0. Let f(c) = -4*c**3 - 2*c**2. Let l be f(w). Calculate the highest common factor of m and l.
8
Suppose 0*i + 2*h = -2*i + 4, 5*i = 4*h + 46. Suppose 4*u + i = 18. What is the highest common factor of 24 and u?
3
Let m be 4*(-4)/32*-4. Calculate the highest common factor of m and 26.
2
Suppose 2 = -3*p + 11. Suppose -p*k = -5*l - 3 + 33, 3*l = 3*k + 24. Calculate the highest common divisor of 24 and l.
3
Let h be 114/8 - 4/16. Let z = -8 + h. Let b = -305 + 314. What is the highest common divisor of z and b?
3
Let o(x) be the second derivative of 0*x**3 - 1/20*x**5 - 5*x + 0 + 1/12*x**4 + 3/2*x**2. Let q be o(0). Calculate the greatest common factor of 21 and q.
3
Let q = -78 - -180. Calculate the highest common divisor of 357 and q.
51
Let o be 3 - -2 - (0 - 0). Let k = -2 + o. Suppose 165 = -0*j + k*j. What is the highest common divisor of j and 5?
5
Suppose -40 = -3*v + 107. Suppose 3*n + 12 = 0, -3*o - 4*n + 31 = -16. Calculate the highest common factor of o and v.
7
Let j be (-20)/(-2*(-2)/12). Let x be (-12)/j + 278/10. What is the greatest common factor of 42 and x?
14
Suppose 8*f - 9*f = -3*z - 3, 0 = 5*z. Suppose 10*h = f*h + 560. What is the greatest common divisor of h and 10?
10
Let a = 1 + 8. Let c be a/(3/(-3) + 2). Calculate the greatest common divisor of 9 and c.
9
Suppose 5*b + 4*k = -162, b - 3*k - k = -42. Let z = 17 - b. Let n be (20/15)/((-2)/(-51)). What is the highest common divisor of z and n?
17
Suppose -5*r - 15 = 0, 2 = 5*g + 2*r - 2. Let l be (2/(-4))/((-2)/(-60)). Let a be ((-6)/l)/(g/10). Calculate the highest common divisor of 6 and a.
2
Let x be (-3)/(-2 - 18/(-10)). Let t be (-15)/(((-2)/(-14))/(-13 + 12)). Calculate the greatest common factor of x and t.
15
Let u(q) = -q**2 - 12*q + 18. Let n be u(-13). Let y = n - 2. Suppose -m = -4*f + 6, 4*m + f - 33 = -6. What is the greatest common divisor of y and m?
3
Let f(y) = 2*y**2 + 3 - 6 - 4*y**2. Let j be f(-3). Let v = j - -29. What is the highest common factor of v and 1?
1
Suppose 45*h - 25*h - 2600 = 0. What is the highest common divisor of h and 78?
26
Let r(u) = 2*u**3 - u**2 + 3*u + 15. Let w(a) = -3*a**3 - 2*a - 16. Let i(m) = 4*r(m) + 3*w(m). Let c be i(-5). What is the highest common divisor of c and 28?
7
Let l(u) = 14*u**2 - u. Let j be l(1). Let p(r) = r**2 - 8*r - 39. Let s be p(13). Calculate the greatest common factor of j and s.
13
Suppose -q = 5*z - 1711, 0 = -z - 5*q + 2*q + 345. Calculate the greatest common factor of z and 38.
38
Let a = 39 + -28. Suppose 0 = 14*t - 86 - 68. What is the greatest common factor of a and t?
11
Suppose -3*n = -83 + 29. Suppose -5*c - 38 = -173. Calculate the highest common divisor of n and c.
9
Let m be (-1)/(-3) - (-200)/(-6). Let u = m + -57. Let o = u - -126. What is the highest common divisor of o and 9?
9
Let i = 30 - -12. Suppose 22 = 4*c - q - 1, 5*c - 2*q = 31. Suppose c*x - 91 = -2*w + 25, -2*w = -5*x - 136. What is the highest common divisor of i and w?
21
Suppose 0 = 4*y - 5*o - 121, 5*y + 5*o - o - 100 = 0. What is the highest common divisor of y and 84?
12
Let s be ((-55)/(-22))/(2/4). Suppose 0 = d + 4*a - 16, -s + 1 = -4*d - a. Suppose d*w = -4*w + 56. What is the highest common factor of w and 154?
14
Suppose -48 = 7*c - 132. Let n(h) = h. Let k be n(2). Suppose -6*w = -k*w - 24. What is the greatest common factor of w and c?
6
Suppose 2*h + 16 = 6*h. Suppose 0 = 8*o - h*o + 20, 2*o = 4*x - 118. Calculate the greatest common divisor of x and 9.
9
Suppose -4*s + 2088 = -0*s. Calculate the highest common divisor of 58 and s.
58
Let r be (-160)/6 + 2/(-6). Let f = 40 + r. What is the greatest common divisor of 143 and f?
13
Let r = -391 + 408. Suppose -2*y + 115 - 45 = -l, 0 = 2*y - 4*l - 76. What is the highest common factor of r and y?
17
Let v be (1 + -1)/(30/15). Suppose v = -p - 3*h + 22, -3*h + 34 = 4*p - 9. What is the highest common divisor of 21 and p?
7
Let b be ((-176)/(-40))/((-6)/(-15)). Suppose 2*o = 15 + b. Calculate the highest common factor of 26 and o.
13
Let f(o) = 3*o**2 + 14*o + 44. Let w be f(-8). Calculate the greatest common factor of w and 16.
4
Let n(u) = -2*u**2 + 78*u + 92. Let k be n(37). Calculate the highest common divisor of k and 10.
10
Let p(h) = 2*h - 6. Let z be p(3). Suppose -i - 2*i + 36 = z. What is the highest common factor of i and 30?
6
Let r(n) = -3*n + 33. Let p be r(7). Let u(f) = -f**2 - 9*f - 6. Let x be u(-8). Suppose -x*j + 56 + 160 = 0. What is the highest common divisor of j and p?
12
Let k(y) = -y**2 - 11*y + 2. Let j be k(-11). Let b = 21 - 7. Let d = b - 9. Calculate the highest common divisor of d and j.
1
Suppose -4*o = -2*j + 24, 3*o - 8*o - 35 = -5*j. Let g be -1*(3 - j) + 49. Let b be (5/((-25)/6))/((-27)/360). What is the greatest common divisor of g and b?
16
Suppose -m = m. Suppose m*h + 27 = 3*h. Let b be -9*(15/h - 3). Calculate the greatest common factor of b and 132.
12
Suppose 4*d + 5953 = -3067. Let n be d/(-35) - 4/(-7). Calculate the highest common factor of n and 26.
13
Let s = -11 - -11. Suppose s*d + 15 = 3*d. Let m be (4 + 0)*4/(32/10). Calculate the greatest common divisor of m and d.
5
Let d = 37 - 26. Let v be (d - 7)/((-2)/(-10)). Calculate the highest common factor of v and 15.
5
Suppose -5*r + 35 = 5. Let x(b) = -b - 10. Let i be x(3). Let w be (-24)/(-6) - (2 + i). Calculate the highest common factor of r and w.
3
Suppose 0 = 3*a - w - 254, -15*w + 11*w + 259 = 3*a. What is the greatest common divisor of a and 25?
5
Let y(w) = -5*w - 4. Let z be y(-5). Suppose t = -5*m + z, t - 3*m + 4*m = 5. Let x be (-2 - (t - -15))*-1. What is the highest common factor of x and 54?
18
Let k be -3*14/(-8)*-4. Let z = 34 + k. Let w(m) = -m**3 + 9*m**2 + 30*m + 3. Let h be w(11). What is the greatest common divisor of h and z?
13
Let f = -52 - -68. Suppose 3*m - 2*d = -1, -f = m + 2*m - 5*d. What is the greatest common factor of 21 and m?
3
Let r(w) = 3*w**2 + 7*w + 7. Suppose 3*v = i + 2 - 13, 2*v = -10. Let l be r(i). Calculate the highest common divisor of l and 297.
27
Let w = -30 - -34. Suppose -5*o + 3*q + 102 = 0, w + 8 = -3*q. Calculate the highest common divisor of o and 72.
18
Suppose 3*l - 3*x = -423, -4*x + 5*x = -l - 149. Let h = l + 203. Calculate the highest common divisor of 145 and h.
29
Let j = -32629 - -32661. Let r(f) = -2*f**3 - 7*f**2 - 3*f + 6. Let d be r(-5). Calculate the highest common factor of j and d.
32
Suppose -31*o = -27*o - 128. Suppose -5*p - c = -484, -7*p + 5*c + 172 = -5*p. Calculate the highest common divisor of o and p.
32
Suppose -216*m + 480 = -211*m. Calculate the highest common divisor of m and 432.
48
Suppose -1 = 7*a - 8*a + 4*n, 0 = -4*a - 5*n + 67. Suppose -17*d = -19*d + 208. Calculate the greatest common factor of d and a.
13
Suppose z - 8 = 24. Suppose 0 = 3*j - 5*j - 10, 2*t + 3*j = 59. Let w = t - z. What is the highest common divisor of 2 and w?
1
Suppose 4*f - 203 = 5. Calculate the greatest common factor of 364 and f.
52
Let k(s) = s**3 - 12*s**2 + 12*s - 17. Let r be k(11). Let y be -12*(28/(-12))/(-7) - r. Calculate the highest common factor of 26 and y.
2
Let a = 7 - 5. Suppose a = 9*z - 8*z. Suppose -56 = -z*c - 5*m, 2*m = -c - 0*c + 27. Calculate the highest common divisor 